74?
354
Calculate the greatest common factor of 13 and 12614108.
13
What is the highest common factor of 238571 and 9882?
61
What is the highest common factor of 372200 and 1114739?
1861
What is the greatest common divisor of 601767 and 7830?
9
Calculate the greatest common factor of 29520 and 47416320.
720
What is the greatest common divisor of 108 and 14737167?
27
What is the greatest common divisor of 20274 and 2076513765?
10137
Calculate the greatest common factor of 709316 and 451888.
1852
Calculate the greatest common divisor of 841464 and 656676.
1044
Calculate the highest common divisor of 2893 and 50771361.
263
What is the greatest common factor of 1778 and 667996?
14
Calculate the greatest common factor of 908748 and 3564.
36
What is the greatest common divisor of 456840 and 91812150?
12690
Calculate the highest common divisor of 13507591 and 2407.
29
Calculate the highest common divisor of 592 and 5529428.
148
Calculate the greatest common factor of 4019171 and 130.
13
What is the highest common divisor of 239295 and 88669?
371
Calculate the highest common divisor of 13190 and 368365.
5
What is the highest common factor of 316 and 140787875?
79
Calculate the greatest common factor of 3025 and 8823925.
3025
What is the greatest common divisor of 32 and 32354136?
8
What is the greatest common factor of 2668927 and 582424?
1549
Calculate the greatest common factor of 217 and 866010327.
217
Calculate the highest common divisor of 216 and 51807936.
24
Calculate the highest common factor of 33056890 and 30.
10
What is the greatest common factor of 870 and 3605570?
290
Calculate the highest common factor of 2046 and 922086.
66
Calculate the highest common divisor of 6800195 and 7285.
235
Calculate the greatest common factor of 156 and 1726796.
4
What is the highest common divisor of 75 and 1190925?
75
What is the greatest common factor of 8151 and 1060371?
741
What is the highest common divisor of 1606959 and 862413?
1167
What is the greatest common divisor of 1084132 and 48174?
434
What is the greatest common divisor of 99405 and 234880761?
6627
What is the greatest common factor of 3087 and 4305861?
63
Calculate the highest common factor of 7766605 and 11165.
385
Calculate the greatest common factor of 40305609 and 96333.
591
What is the greatest common factor of 164824 and 1780?
4
Calculate the highest common divisor of 1816 and 42104.
8
Calculate the highest common factor of 1240 and 458165.
5
What is the highest common factor of 193863678 and 75984?
9498
What is the highest common factor of 272 and 10703591?
17
Calculate the highest common factor of 14 and 554498.
14
What is the highest common divisor of 68015324 and 1961?
1961
What is the highest common divisor of 290954424 and 120?
24
What is the highest common divisor of 1440 and 34831008?
288
What is the greatest common divisor of 121278600 and 12950?
1850
Calculate the highest common factor of 28333786 and 962.
962
Calculate the highest common factor of 1533 and 316743.
21
Calculate the greatest common divisor of 732 and 1193328.
12
What is the greatest common divisor of 3792341 and 5663?
7
Calculate the greatest common factor of 145628273 and 119.
119
What is the greatest common factor of 7543392 and 384?
96
What is the highest common divisor of 310 and 2300630?
10
What is the greatest common divisor of 9628 and 319301?
83
What is the highest common divisor of 12047 and 1212463?
7
Calculate the highest common divisor of 249732479 and 47.
47
What is the greatest common divisor of 14 and 24168578?
14
What is the highest common divisor of 2830052504 and 8?
8
What is the greatest common factor of 85 and 3121805?
5
What is the highest common divisor of 3 and 5381643?
3
What is the greatest common divisor of 4549132 and 68?
68
What is the greatest common divisor of 4505831 and 589?
19
Calculate the highest common divisor of 10848096 and 144.
144
Calculate the highest common divisor of 12834 and 1102896.
414
Calculate the highest common divisor of 29981442 and 117840.
2946
Calculate the greatest common factor of 754611754 and 1742.
1742
What is the greatest common divisor of 2431850 and 8075?
425
Calculate the greatest common divisor of 660 and 12030348.
132
What is the greatest common divisor of 43875870 and 5680?
710
Calculate the greatest common factor of 350 and 94692410.
10
What is the greatest common divisor of 1298975994 and 25812?
12906
What is the highest common factor of 25060647 and 5944?
743
What is the highest common factor of 20720081 and 5567?
293
Calculate the highest common factor of 58353 and 1702146.
1101
Calculate the highest common factor of 1596 and 2604805.
133
Calculate the greatest common divisor of 582015 and 525.
105
Calculate the highest common factor of 1265 and 419408220.
1265
Calculate the greatest common divisor of 1275 and 2380935.
255
What is the greatest common factor of 12048 and 304752?
48
What is the greatest common divisor of 56866837 and 995?
199
What is the highest common factor of 62 and 15263377?
31
Calculate the greatest common factor of 373462 and 13978.
58
Calculate the highest common factor of 572780 and 10920.
260
Calculate the highest common factor of 5920 and 14974048.
1184
What is the greatest common divisor of 71490 and 26208?
6
Calculate the greatest common divisor of 9792 and 4262256.
144
Calculate the greatest common factor of 33796007 and 2044.
511
What is the greatest common factor of 5486081 and 3208?
401
What is the highest common divisor of 6959665 and 5?
5
Calculate the highest common factor of 7903556 and 4094.
178
What is the greatest common factor of 1474384 and 2236?
172
What is the greatest common divisor of 116 and 7538318?
58
What is the greatest common divisor of 1082 and 88356661?
541
Calculate the greatest common divisor of 8 and 653059532.
4
What is the greatest common divisor of 4059 and 39943827?
99
Calculate the greatest common divisor of 59480451 and 36.
9
Calculate the highest common factor of 159 and 277914351.
159
What is the highest common factor of 82916 and 51812681?
1091
What is the highest common divisor of 293219 and 7424?
29
What is the highest common divisor of 17121 and 37843?
13
Calculate the highest common divisor of 80 and 370540080.
80
What is the greatest common divisor of 1448 and 23704?
8
What is the greatest common divisor of 637034706 and 116?
58
Calculate the highest common factor of 24 and 158075436.
12
What is the highest common factor of 43450264 and 494?
494
Calculate the highest common factor of 1175 and 30772075.
1175
What is the greatest common factor of 114780 and 85020?
60
What is the greatest common factor of 130801 and 219443?
1081
What is the highest common factor of 326006157 and 2637?
879
Calculate the highest common factor of 1708 and 15986026.
854
What is the highest common divisor of 1310584 and 1210?
22
What is the greatest common divisor of 336659 and 6466?
61
Calculate the greatest common divisor of 4822183 and 80291.
4723
Calculate the highest common factor of 261235 and 592605.
65
What is the highest common factor of 60740203 and 9664?
151
What is the greatest common factor of 521 and 7559189?
521
Calculate the highest common divisor of 1668416 and 71264.
4192
What is the highest common divisor of 22768993 and 37585?
7517
Calculate the greatest common divisor of 38031856 and 136.
136
Calculate the greatest common factor of 653460 and 6240.
60
What is the highest common divisor of 24416 and 36163584?
3488
Calculate the greatest common factor of 220813601 and 26081.
2371
What is the greatest common factor of 29 and 349319?
1
Calculate the greatest common divisor of 1200006 and 3597564.
2454
What is the highest common factor of 21850 and 692550?
950
Calculate the highest common factor of 1088 and 930410.
34
What is the greatest common factor of 1200090 and 435?
15
What is the highest common divisor of 22908040 and 120?
40
What is the highest common divisor of 414117 and 547083?
801
What is the highest common divisor of 764772 and 13736?
404
What is the highest common factor of 34280 and 3138334?
1714
Calculate the highest common divisor of 460681 and 25363.
13
Calculate the highest common factor of 144011 and 76587.
49
Calculate the greatest common divisor of 703101